t are the prime factors of c(-9)?
2, 3
Let p(u) = u**3 + 7*u**2 - 2*u - 4. List the prime factors of p(-6).
2, 11
Suppose 2*f - f = 4, 4*k - 4 = -5*f. Let g = k - 0. What are the prime factors of g/14 + (-88)/(-14)?
2, 3
What are the prime factors of 4*-1*497/(-28)?
71
Suppose 0 = 5*g - 2*i - 544, -2*i + 3 = -i. List the prime factors of g.
2, 5, 11
Let h(w) = 5*w - 4. What are the prime factors of h(6)?
2, 13
Let z be (-11)/(-4) + (-2)/(-8). Suppose 2*a + 96 = 4*a. Suppose a = o + z*o. What are the prime factors of o?
2, 3
Suppose -2*t + 7*t = 300. Suppose h + h = -5*u + 63, -4*h + t = 4*u. Suppose 16 + u = 3*v. List the prime factors of v.
3
Suppose -3 = 3*z + 4*r, -4*z - 5*r = -5*z - 1. List the prime factors of (-4 - 0 - 23)/z.
3
Let j = -56 + -20. Let a = j + 21. What are the prime factors of (a/10)/(1/(-2))?
11
Let r = -9 + 30. What are the prime factors of r?
3, 7
Suppose -5 = 5*k - 25. Suppose k*o - 20 = 3*o. Let y = 29 - o. List the prime factors of y.
3
Let o(n) be the third derivative of -n**5/60 + 3*n**4/8 - 2*n**3/3 + n**2. Let h(v) = -v + 24. Let x be h(17). List the prime factors of o(x).
2, 5
Suppose 5*q - v - 5 = 0, -5*q + 5*v + 1 - 16 = 0. Suppose -q*m + 3*n + 5 + 3 = 0, 4*n = -2*m + 8. What are the prime factors of m?
2
Let d(k) be the third derivative of 4*k**5/15 - k**3/6 - 4*k**2. List the prime factors of d(1).
3, 5
Suppose 2 = 2*a + 6. Suppose i - 5 + 2 = 0. What are the prime factors of a/i*(-5 + 2)?
2
Suppose -2*t + 107 = -49. List the prime factors of t.
2, 3, 13
Suppose 2*t - 78 = -10. What are the prime factors of (t/(-6))/((-15)/45)?
17
Let u(z) = -z**3 - 6*z**2 - 4*z + 2. Let n be u(-5). List the prime factors of 2*4/(-6)*n.
2
Suppose 2*r + 3 = 3*r. Suppose d + 5*y = -3*d + 55, -r*d = y - 44. What are the prime factors of d?
3, 5
Suppose 3*k - 39 = -5*q, 0*q + 3*q - 19 = -4*k. List the prime factors of q.
3
Let s be 2/(-4) - 1/2. List the prime factors of (-35)/(-2) + s/(-2).
2, 3
Let n = -8 + 2. Let r(f) = f**2 + 3*f - 12. What are the prime factors of r(n)?
2, 3
Let s = 302 + -145. What are the prime factors of s?
157
Suppose 0 = -5*r - 6 + 21. Suppose -r*q + 22 = 3*o - 2, q - 3 = 4*o. List the prime factors of q.
7
Let p = -8 - -18. What are the prime factors of (4/p)/(3/120)?
2
Let w(t) = 7*t**2 + 4*t + 4. What are the prime factors of w(-2)?
2, 3
What are the prime factors of (7 - 8) + (-355)/(3/(-3))?
2, 3, 59
Let s(w) = 5*w**2 - 7*w + 9. What are the prime factors of s(2)?
3, 5
Let j(u) be the second derivative of -19*u**3/6 + u**2/2 - u. Let o be j(-2). Suppose -3*x + o = 12. List the prime factors of x.
3
Let s(w) = -w**2 + 3*w + 3. Let g be s(3). Suppose l = g*n + 4*l - 36, n - 10 = -3*l. List the prime factors of n.
13
List the prime factors of 366/(-4)*18/(-27).
61
Suppose -3*g - 2*v = -3*v - 16, -3*v = -3*g + 18. Suppose -5*h + 5*k = -105, -3*k = -g*h + 31 + 84. What are the prime factors of h?
2, 13
Suppose z = -0*z. Suppose z*s + 141 = 3*s. List the prime factors of s.
47
Let k = -2 + 6. Suppose 4*t + 54 = 5*j, 15 = -2*j + k*j + 5*t. List the prime factors of j.
2, 5
Let f be -1 - -3 - (-5 - -2). Suppose 0 = -f*n - 0*n + 4*c + 24, -2*n + c + 9 = 0. Suppose -n*k + 65 = -19. List the prime factors of k.
3, 7
Suppose 74 = 4*o - 2*o. What are the prime factors of o?
37
Suppose m + 8 = 3. List the prime factors of (-13)/(-3) - m/(-15).
2
Let x be 9 - -5*(-2)/5. Suppose 20 = -x*m + 3*m, 3*m + 47 = 4*u. List the prime factors of u.
2
What are the prime factors of 35 - -1 - (-9 + 10)?
5, 7
Suppose -16 - 8 = -3*j. Suppose 3*m - 5*z - j = 0, m = 4*m + 4*z - 53. What are the prime factors of m?
11
Suppose -3*g = 3*d - 33, g + 12 = 3*d - 33. List the prime factors of d.
2, 7
Suppose 2*l + 2*l - 24 = 0. List the prime factors of l.
2, 3
Let t(f) = f**3 - 10*f**2 + 8*f + 13. Let v be t(9). Let a be 2/v*12/2. Suppose a*u + 5*m - 6 = -0*m, 0 = -u - 4*m - 5. What are the prime factors of u?
7
Suppose -o - 20 = -2*o. Suppose -j = 2*s - 6 - o, -3*s + 41 = 2*j. What are the prime factors of s?
11
Suppose -2*a + 4 = 3*f, 2*f = 3*a + 2*a + 9. Suppose z - 5 = -f. List the prime factors of z.
3
Suppose -9*i = -7*i. Suppose 2*z + 39 - 119 = i. List the prime factors of z.
2, 5
List the prime factors of 5/(-30) + 1298/12.
2, 3
Let k be (-24)/(-10) - 4/10. Suppose v + 1 = k. Suppose 0 = 4*b + n + v - 18, -b + 13 = 2*n. What are the prime factors of b?
3
Suppose -5*b + 78 = w - 2*w, -b = 5*w. Suppose -14*k + 30 = -17*k. Let q = b + k. What are the prime factors of q?
5
What are the prime factors of (0 - -1)*(1 + 66)?
67
Suppose -2*k + 5*b = -1, 3*b = -k + 2*b - 10. Let d(s) = -5*s - 4. Let p be d(-3). Let g = p + k. What are the prime factors of g?
2
Let a = -36 - -67. Let q = 54 - a. List the prime factors of q.
23
Suppose -333 = -5*r - 2*w + 380, w = 4. Suppose -3*q = 6*f - 2*f - 189, -2*q + r = 3*f. List the prime factors of f.
3, 5
Let m(p) = p**3 - p**2 - p. Let l be m(2). Let h(i) = -1 - 2*i**3 - i + i - l*i**2. What are the prime factors of h(-2)?
7
What are the prime factors of (-220)/(-6) + (-13)/(-39)?
37
Suppose -7*r + 35 = -6*r. List the prime factors of r.
5, 7
Suppose 8*g = 153 + 631. What are the prime factors of g?
2, 7
Suppose -20 = y - 2*y + 4*o, -3*y + 2*o = -60. List the prime factors of y.
2, 5
Let q(y) = y - 5. Let x be q(6). Suppose 0*f - f + g = -x, f + 8 = 4*g. List the prime factors of f.
2
Let u(a) = 16*a. Let g(y) = 2*y**2 + 3*y. Let d be g(-2). List the prime factors of u(d).
2
Let h = -20 + 35. Let c(q) = -q**2 + 6*q + 3. Let y be c(6). Suppose -3*i - 12 = -y*g + h, -i - 4 = 0. List the prime factors of g.
5
Let t = 183 - 79. List the prime factors of t.
2, 13
Let q(g) = g**2 + 8*g + 2. What are the prime factors of q(4)?
2, 5
Let z(r) = -22*r**3 - 3*r**2 + 3*r + 6. What are the prime factors of z(-2)?
2, 41
Suppose 5*u - 1 + 11 = 2*s, 4*u + 2*s - 10 = 0. Suppose -2*w + 5 = -5. Suppose 60 = -u*z + w*z. What are the prime factors of z?
2, 3
Let l = 67 - 33. What are the prime factors of l?
2, 17
Let u(c) = -3*c**3 - 4*c**2 - 3*c + 5. Let s(m) = m**3 - 1. Let l(t) = 2*s(t) + u(t). List the prime factors of l(-3).
3
Let r(j) = -26*j**2 + 1. Let b be r(-1). Suppose 3*c + 73 = -3*t + t, -4*c = 2*t + 70. Let z = b - t. List the prime factors of z.
2
Suppose 0 = -4*y - 0*y + 20. Suppose -4*i - i + 22 = -3*m, 0 = -y*i + 2*m + 23. List the prime factors of i.
5
Let j(z) = z**3 - 2*z**2 - 2*z - 1. Suppose -4*g - g - 5 = 0. Let u(f) = -4*f**3 - 2*f**2 + 1. Let k be u(g). List the prime factors of j(k).
2
Let t be (-10)/3*(-12)/5. Let l(p) = p + 1. Let f be l(3). Let r = t - f. What are the prime factors of r?
2
Let s(p) = 16*p**2 + 2*p + 1. Let k be s(-3). Suppose 4*m + 39 - k = 0. What are the prime factors of m?
5
Suppose n + w - 226 = -2*n, -218 = -3*n + w. List the prime factors of n.
2, 37
Let y = -33 - -84. What are the prime factors of y?
3, 17
Let d = 92 + -74. What are the prime factors of d?
2, 3
Suppose -4*o = 3 - 27. Let c be -4 - o - (-1 - 2). Let r(d) = -2*d - 9. What are the prime factors of r(c)?
5
Suppose 2*b + 48 = 5*b. List the prime factors of b.
2
Suppose 3 = o - 22. Let r = 19 + o. What are the prime factors of r?
2, 11
Let r = -1 + 13. Let a = -7 + r. What are the prime factors of a?
5
Let q be -1 + 1/((-3)/(-54)). Suppose -5 = 4*r - q. Let i(k) = 2*k**2 - 4*k + 3. List the prime factors of i(r).
3
Suppose -2*l + 3*i = -7, i + 11 - 2 = 4*l. Suppose -3*t + t - l*s = 4, s = t - 2. Suppose t = -5*v + v + 24. List the prime factors of v.
2, 3
Let n be (-6)/3 + -1 + 2. Let h(r) = 9*r**2 + 2*r + 1. List the prime factors of h(n).
2
Suppose 5 = 3*u + 56. Let r = 21 - -8. Let m = u + r. List the prime factors of m.
2, 3
Let u(z) = -z**2 - 11*z - 7. Let n(k) = -k**3 - 9*k**2 - 8. Let p be n(-9). List the prime factors of u(p).
17
Suppose 5*w + 0*r = 2*r + 435, w - 100 = 3*r. List the prime factors of w.
5, 17
Let s(x) = -3*x + 9. Let m(r) = 13*r - 37. Let i(t) = 2*m(t) + 9*s(t). What are the prime factors of i(5)?
2
Suppose 5*z = 3*v + 5, -6*v + 4 = -4*z - 2*v. What are the prime factors of z?
2
Suppose -2*t + 4*w = t - 40, 2*t = -w + 45. What are the prime factors of t?
2, 5
Suppose -2*f = f - 3. Let m(u) = 40*u**3 - u**2 + u - 1. List the prime factors of m(f).
3, 13
Suppose -480 = 45*z